- -304. Let h be q(m). What is s(h)?
-9
Let d(x) = 8*x + 69665*x**2 - 34838*x**2 - 34828*x**2 - 2. Determine d(11).
-35
Let v(t) = 4*t + 2. Let j be v(-5). Let k = 24 + j. Let n(y) = -8*y**3 - y**3 + 7*y**3 + y**3 + 7*y + 5*y**2 + 2. Give n(k).
8
Let t(a) = -6*a + 10*a - 5568 + 5558. Give t(0).
-10
Let o(r) = 5*r**3 - 2*r**2 + 2*r - 1. Suppose -2*i - 3*i = -365. Suppose -303 = 4*g - 6*t + 9*t, -g - 62 = -2*t. Let w = g + i. Determine o(w).
4
Suppose 0 = -10*n + 6*n - 3*m + 160, 8 = -2*m. Let t(z) = n + 4*z - z**3 + 37 - 85 - 2*z + 6*z**2. Determine t(6).
7
Let m(w) = -2*w**2 - 32*w - 28. Let v(a) = a**3 + 91*a**2 + 88*a - 195. Let r be v(-90). Calculate m(r).
2
Let w = -59 + 60. Let n(x) = -x**2. Let k(s) = 7*s**2 + s - 1. Let b(m) = -k(m) + 4*n(m). Calculate b(w).
-11
Let p(u) = -2*u + 3. Let v(a) = -2*a + 4. Let w(h) = 2*h**3 - 17*h**2 - 9*h + 6. Let n be w(9). Let k(f) = n*v(f) - 5*p(f). What is k(8)?
-7
Suppose 3*k - 4*b + 27 = 0, -12*b = k - 11*b + 2. Let v(s) = -6*s + 4. What is v(k)?
34
Let g(k) = -k**3 - k**2 - 5*k - 7. Let o be g(0). Let x(u) = -12*u - 7. Give x(o).
77
Suppose -4*y + 50 = 2*q - 4*q, -75 = -5*y + 5*q. Let c(f) = -21*f + 11*f - 3 + 3 + 11*f + 2. Calculate c(y).
12
Let c(s) = 15*s - 44. Let x(k) = -19*k + 37. Let r(g) = -7*c(g) - 6*x(g). Determine r(-9).
5
Let k(w) be the first derivative of 3*w + 24. Let c(j) = -j - 8. Let d(l) = -3*c(l) - 6*k(l). Suppose -24 = 3*n - 4*p, 2*n = -0*n - p - 5. Determine d(n).
-6
Let v be ((-286)/66)/(1/(-2)). Let y(o) be the first derivative of -v*o**3 - o + o**2 + 14. Calculate y(1).
-25
Let w(t) = -t**2 + 5*t - 2. Let d be w(5). Let l be 2*6/(-8)*d. Let n(i) = 187 - i - 187 - 9*i**l. Give n(1).
-10
Let y be -5*(-4)/(-30)*-3. Let n(t) = 2*t - 36. Let d be n(41). Suppose -5*s + d = -4*a, -y*s - 3*a = -2*a - 8. Let f(l) = 2*l - 7. What is f(s)?
5
Let k(l) be the third derivative of -l**6/120 + 2*l**5/15 + 5*l**4/24 + 9*l**3/2 - 471*l**2. Determine k(9).
-9
Suppose 0*k - g - 2 = -k, -5*g + 5 = 0. Suppose -2*q = 19 - k. Let v(f) = 5*f - 328. Let p(b) = -4*b + 275. Let m(h) = 6*p(h) + 5*v(h). Give m(q).
2
Let x(g) be the third derivative of -g**6/120 - g**5/12 + g**4/8 - g**3/3 + 593*g**2. Give x(-5).
-17
Let d(n) = -2*n**2 + 75*n - 465. Let u be d(8). Let g(w) = -4*w + 38. Calculate g(u).
10
Let j(r) = -5*r + 3. Let t(z) = -z**2 + 10*z - 10. Let y be t(6). Suppose y*d - 16 = 40. Give j(d).
-17
Let s(x) = -13*x + 239. Let b be s(18). Let q be (3/2)/((-5)/(-10)). Let y(u) = -u - q + 13 + 0*u + 0. Calculate y(b).
5
Let s(i) = -i**2 - 14*i - 6. Let u be s(-15). Let q be (u + -3)/6 + 6. Let d(x) = x**2 + 2*x - 2. Determine d(q).
6
Let y = -54 + 49. Let f(s) = s**2 - s. Let a(j) = -3*j**2 + 2*j - 1. Let n(g) = y*f(g) - 2*a(g). Let p = -14 - -14. What is n(p)?
2
Let h = 29 - 21. Suppose h*d - 109 = 35. Let g(t) = t**2 - t - d + 9 + 11 - t**3. Give g(2).
-4
Let u(f) = 5*f + 3. Let o(v) = -4*v - 4. Let s(l) = 4*o(l) + 3*u(l). Let x be -1 + (-6 + 2 - -4). Let i(t) = 3*t. Let z be i(x). Give s(z).
-4
Let t(z) be the second derivative of -72*z + 0*z**2 + 2/3*z**3 + 0. Calculate t(-5).
-20
Let y(b) = -b**2 - 7*b - 40. Suppose 17*l - 252 + 371 = 0. Calculate y(l).
-40
Let l(d) be the first derivative of 1 + 2/3*d**3 - 1/2*d**2 - 1/12*d**4 + 6*d. Let z(s) be the first derivative of l(s). Determine z(3).
2
Let b(j) = 2*j**2 + 42*j - 192. Let s(y) = y**2 + 20*y - 100. Let h(u) = 5*b(u) - 9*s(u). Give h(-32).
4
Let g(c) = -2*c - 9. Suppose -4*d + 0*j + 23 = 5*j, -5*d + j + 7 = 0. Suppose -4*b + 16 = -d*x, -2*x - 4*b = -3*x - 18. Suppose o + 5 = -x. Determine g(o).
5
Let c(t) = -t**3 - 7*t**2 - t + 25. Suppose 368 = -16*z + 272. Determine c(z).
-5
Let h(z) = 6*z - 1. Let q = 72 - 67. Let u(p) = 10*p - 3. Let l(k) = q*h(k) - 2*u(k). Let s be (-54)/(-24) + (-2)/8. Determine l(s).
21
Suppose 0 = -3*a - 611 + 608. Let z(s) = -13*s**2 + s + 1. What is z(a)?
-13
Let k(f) = -14*f - 165. Suppose 8*p - 26 + 70 = -3*w, -3*p = -4*w - 45. Determine k(w).
3
Let x = -62 - -131. Suppose 69 - x = 7*m. Let l(j) = -j**3 - j**2 + j - 4. Give l(m).
-4
Let g(z) = z + 11. Suppose 10*y = -393 + 323. Let j be 21 - 19 - (1 - y). Calculate g(j).
5
Let s(q) = q**3 - 4*q**2 + 7*q - 7. Suppose -4*u + 22 = 2*z, 4*u - 9*z + 6*z - 17 = 0. Determine s(u).
53
Let h(s) = 9*s**2 - s**3 - 32*s + 14*s + 5696278 - 5696281. What is h(8)?
-83
Let o(h) = -8*h - 71. Let t be (-9)/(10/11 + -5*5/(-275)). Calculate o(t).
1
Suppose -3*g + t - 13 = 0, -2*t = -g - 3*g - 16. Suppose 3*b - z = 3, b - 5*z - 16 = -29. Let i(j) = 117 + j**b - 229 + 119 + 5*j. What is i(g)?
7
Let t be 115/13 - (-32)/208. Let l(s) = s**3 - 9*s**2 + s + 10. Give l(t).
19
Suppose -8*n + 741 = -5*n. Let v(m) = 81*m - n*m + 83*m - 7 + 84*m. Determine v(-9).
-16
Let g(o) = o**2 - 5*o + 4. Let w(k) = -2*k**2 - 26*k + 5. Let p be 1 + -14 + -14 + 13. Let y be w(p). Let a = 28 + y. Determine g(a).
4
Let q(y) = -y**2 - 6*y - 7. Let v be (8/3)/((-3)/9). Let b(g) be the second derivative of -g**3/3 - 11*g**2 + 62*g. Let d be b(v). Determine q(d).
-7
Let g(u) = 2*u + 30. Let q(o) = 5 + 2 + 344*o**2 - 677*o**2 + 393*o**2 + 12*o**3 + 5*o + 5. Let i be q(-5). What is g(i)?
4
Let k(j) = -7*j**2 - 19*j + 16. Let q(u) = -6*u**2 - 17*u + 13. Let a(w) = -5*k(w) + 6*q(w). Suppose -147 = 6*f + f. Let i = 15 + f. Give a(i).
4
Let i(l) = -2*l. Let w be ((-1)/(-1))/(7 + (0 - 8)). Let f(j) = -7*j + 1. Let q(y) = w*f(y) + 2*i(y). Determine q(2).
5
Let g = 3 + -2. Let w(k) = 22 - 6*k + 21*k**3 + 21 - 7*k + 14*k - 43. Give w(g).
22
Let p be 12*4/16 - -2. Suppose -p*b = 4*b - 54. Let m(k) = 5*k - 5 - k**3 + 5*k**2 + 0*k + 2*k. Give m(b).
1
Suppose -4*v = 5*r - 25, -3*v + 2*r + 23 = -13. Suppose 2*s - v = -2. Let k(p) = 3. Let u(g) = -g - 3. Let b(l) = 3*k(l) + 2*u(l). Calculate b(s).
-5
Let o(m) = 9*m**2 + 3*m. Let j(k) = 3*k**3 + 27*k**2 + k + 7. Let s be j(-9). Let l be (-2)/7 + 12/14*s. What is o(l)?
30
Let s(t) be the first derivative of t**4/4 + 10*t**3/3 + 8*t**2 + 7*t - 219. Determine s(-8).
7
Let n(c) = -6*c**2 + 2*c. Let t(s) = -s**3 - 4*s**2 - 5*s + 9. Let i be t(-4). Suppose 14*m - i = -1. What is n(m)?
-20
Let q(u) = u**2 + 22*u + 49. Suppose 163 + 11 = -12*l - 78. Give q(l).
28
Let c(p) = -p**2 + 20*p - 49. Suppose 147 = 14*o - 91. Let f be c(o). Let t(j) = -4 + 4*j - 3*j**f + 9 + 2*j + 4*j**2. Give t(-4).
-3
Let j(r) = 2*r**2 + 8*r - 16. Let d be j(-4). Let p(h) = h**3 + 17*h**2 + 15*h - 9. Determine p(d).
7
Suppose 13*z - 34 - 5 = 0. Suppose 2*k = 3*k - z. Let s(v) = v**3 - 3*v**2 - 2*v + 6. Give s(k).
0
Suppose -29*d = -36*d + 28. Suppose 0 = n + d*v - 7 - 2, 5*n - 3*v = -24. Let f(y) = 2*y - 4. Determine f(n).
-10
Let s(c) = 0 - 17*c**2 + 12*c**2 - 2*c + 12 + 1 + c**3. Determine s(5).
3
Let g(j) = 395 - 18*j - 116 + 255 + 9*j - 3*j. What is g(45)?
-6
Let i(t) = t**3 - 9*t**2 + 7*t + 9. Suppose 14*d - 34 = 11*d + 5*q, -5*d = -4*q - 48. Give i(d).
1
Let v(y) = -7*y**2 - 15*y + 5. Let k(b) = 2*b**2 + 2*b. Let a(j) = 4*k(j) + v(j). Let p be (16/(-12))/((-2)/3). What is a(p)?
-5
Suppose q + 12 - 16 = 0. Suppose 30 = -q*k - 2. Let n(z) be the first derivative of -z**2/2 + 3*z + 12. Give n(k).
11
Suppose -4*a + 556 = 3*d, 0*a + 783 = 4*d - 3*a. Let k = 198 - d. Let l(p) = p**3 - 7*p**2 + 8*p - 7. Give l(k).
5
Let j(g) be the first derivative of -3*g**3 + 5*g**2 + 91 - 1/4*g**4 - g. Calculate j(-10).
-1
Let c(t) = -4*t**3 + 2*t**2 - 3*t + 8. Let b(p) = -7 - 6*p**2 + 0*p + 5*p**2 + 3*p**3 + 4*p. Let i(m) = 5*b(m) + 4*c(m). What is i(5)?
-13
Let h(s) = -155*s**2 + 2210*s + 60. Let j(b) = 13*b**2 - 177*b - 5. Let k(f) = -2*h(f) - 25*j(f). What is k(-1)?
-15
Let g(f) = 4*f**3 + 4*f**2 - 4*f - 4. Let u(y) = y**3 + y**2 - y - 1. Let i(j) = 2*g(j) - 7*u(j). Suppose 8*c - 1045 = 3*c. Let q = c + -207. Calculate i(q).
9
Let x(l) = -13*l - 27. Let t = 5944 + -5930. Determine x(t).
-209
Let k(n) be the first derivative of 1/3*n**3 + 59 + 10*n + 6*n**2. Calculate k(-11).
-1
Let w(b) = -4*b**2 + 19*b + 13. Let o be w(0). Let y(h) = h**3 - 13*h**2 + 5*h - 67. Determine y(o).
-2
Suppose 12*k + 102 = 126. Let z(n) = -11*n**2 + 38*n**2 - 4 + 0*n - 11*n**k - 17*n**2 - 6*n. Give z(-6).
-4
Let w(q) = -q**2 - 35*q + 561. Let s be w(-47). Let y(i) = 2*i**3 + i**2 + 3*i + 5. Calculate y(s).
-49
Let n(s) = 4*s - 4*s + 11 